{"version":"1.0","provider_name":"Positive Discipline in the Montessori Classroom","provider_url":"https:\/\/pdmc-montessori.org\/de\/","title":"Nein sagen...und Ja sagen - Positive Discipline in the Montessori Classroom","type":"rich","width":600,"height":338,"html":"<blockquote class=\"wp-embedded-content\" data-secret=\"L7qE69djLR\"><a href=\"https:\/\/pdmc-montessori.org\/de\/nein-sagen-und-ja-sagen\/\">Nein sagen&#8230;und Ja sagen<\/a><\/blockquote><iframe sandbox=\"allow-scripts\" security=\"restricted\" src=\"https:\/\/pdmc-montessori.org\/de\/nein-sagen-und-ja-sagen\/embed\/#?secret=L7qE69djLR\" width=\"600\" height=\"338\" title=\"&#8222;Nein sagen&#8230;und Ja sagen&#8220; &#8212; Positive Discipline in the Montessori Classroom\" data-secret=\"L7qE69djLR\" frameborder=\"0\" marginwidth=\"0\" marginheight=\"0\" scrolling=\"no\" class=\"wp-embedded-content\"><\/iframe><script>\n\/*! This file is auto-generated *\/\n!function(d,l){\"use strict\";l.querySelector&&d.addEventListener&&\"undefined\"!=typeof URL&&(d.wp=d.wp||{},d.wp.receiveEmbedMessage||(d.wp.receiveEmbedMessage=function(e){var t=e.data;if((t||t.secret||t.message||t.value)&&!\/[^a-zA-Z0-9]\/.test(t.secret)){for(var s,r,n,a=l.querySelectorAll('iframe[data-secret=\"'+t.secret+'\"]'),o=l.querySelectorAll('blockquote[data-secret=\"'+t.secret+'\"]'),c=new RegExp(\"^https?:$\",\"i\"),i=0;i<o.length;i++)o[i].style.display=\"none\";for(i=0;i<a.length;i++)s=a[i],e.source===s.contentWindow&&(s.removeAttribute(\"style\"),\"height\"===t.message?(1e3<(r=parseInt(t.value,10))?r=1e3:~~r<200&&(r=200),s.height=r):\"link\"===t.message&&(r=new URL(s.getAttribute(\"src\")),n=new URL(t.value),c.test(n.protocol))&&n.host===r.host&&l.activeElement===s&&(d.top.location.href=t.value))}},d.addEventListener(\"message\",d.wp.receiveEmbedMessage,!1),l.addEventListener(\"DOMContentLoaded\",function(){for(var e,t,s=l.querySelectorAll(\"iframe.wp-embedded-content\"),r=0;r<s.length;r++)(t=(e=s[r]).getAttribute(\"data-secret\"))||(t=Math.random().toString(36).substring(2,12),e.src+=\"#?secret=\"+t,e.setAttribute(\"data-secret\",t)),e.contentWindow.postMessage({message:\"ready\",secret:t},\"*\")},!1)))}(window,document);\n\/\/# sourceURL=https:\/\/pdmc-montessori.org\/wp-includes\/js\/wp-embed.min.js\n<\/script>\n","thumbnail_url":"https:\/\/pdmc-montessori.org\/wp-content\/uploads\/2022\/10\/20160906_125616-scaled.jpg","thumbnail_width":2560,"thumbnail_height":1440,"description":"Wenn wir zu den Menschen guten Willens geh\u00f6ren, die sich nach Frieden sehnen, m\u00fcssen wir selbst den Grundstein f\u00fcr den Frieden legen, indem wir uns f\u00fcr die soziale Welt des Kindes einsetzen. ~ Maria Montessori, [&hellip;]"}

Wenn wir zu den Menschen guten Willens gehören, die sich nach Frieden sehnen, müssen wir selbst den Grundstein für den Frieden legen, indem wir uns für die soziale Welt des Kindes einsetzen. ~ Maria Montessori, [&hellip;]
